is the remainder when 10396 is divided by 26?
22
What is the remainder when 2723 is divided by 890?
53
Calculate the remainder when 256501 is divided by 85497.
10
Calculate the remainder when 392258 is divided by 114.
98
What is the remainder when 62142 is divided by 315?
87
Calculate the remainder when 350188 is divided by 1179.
25
Calculate the remainder when 4856 is divided by 1107.
428
What is the remainder when 578 is divided by 303?
275
Calculate the remainder when 122276 is divided by 73.
1
Calculate the remainder when 796 is divided by 258.
22
Calculate the remainder when 15493 is divided by 782.
635
Calculate the remainder when 32443 is divided by 36.
7
What is the remainder when 799132 is divided by 463?
457
What is the remainder when 77854 is divided by 4?
2
Calculate the remainder when 602925 is divided by 100487.
3
Calculate the remainder when 28397 is divided by 95.
87
What is the remainder when 5793 is divided by 1088?
353
Calculate the remainder when 2447 is divided by 21.
11
Calculate the remainder when 52535 is divided by 22.
21
Calculate the remainder when 10376 is divided by 153.
125
Calculate the remainder when 3729 is divided by 77.
33
Calculate the remainder when 89413 is divided by 14897.
31
What is the remainder when 653278 is divided by 91?
80
Calculate the remainder when 6906 is divided by 72.
66
Calculate the remainder when 19236 is divided by 370.
366
Calculate the remainder when 247283 is divided by 17663.
1
What is the remainder when 3552 is divided by 15?
12
Calculate the remainder when 19518 is divided by 81.
78
Calculate the remainder when 136616 is divided by 17.
4
Calculate the remainder when 511279 is divided by 40.
39
Calculate the remainder when 25583 is divided by 195.
38
What is the remainder when 47126 is divided by 15696?
38
What is the remainder when 65602 is divided by 13?
4
What is the remainder when 41395 is divided by 46?
41
What is the remainder when 766235 is divided by 6?
5
Calculate the remainder when 9715 is divided by 4.
3
What is the remainder when 476707 is divided by 72?
67
Calculate the remainder when 28233 is divided by 28194.
39
What is the remainder when 145422 is divided by 43?
39
What is the remainder when 17799 is divided by 8809?
181
Calculate the remainder when 4723 is divided by 123.
49
Calculate the remainder when 56594 is divided by 11.
10
Calculate the remainder when 6564 is divided by 62.
54
What is the remainder when 330069 is divided by 405?
399
Calculate the remainder when 7414 is divided by 2069.
1207
Calculate the remainder when 10199 is divided by 51.
50
What is the remainder when 118606 is divided by 20?
6
What is the remainder when 49583 is divided by 167?
151
Calculate the remainder when 2146 is divided by 96.
34
Calculate the remainder when 6117 is divided by 14.
13
Calculate the remainder when 4563 is divided by 326.
325
What is the remainder when 19708 is divided by 3912?
148
What is the remainder when 3426070 is divided by 237?
235
What is the remainder when 1226 is divided by 202?
14
What is the remainder when 15989 is divided by 15519?
470
What is the remainder when 977 is divided by 480?
17
Calculate the remainder when 19574 is divided by 164.
58
Calculate the remainder when 3451 is divided by 152.
107
What is the remainder when 265793 is divided by 69?
5
What is the remainder when 3729 is divided by 266?
5
Calculate the remainder when 33551 is divided by 45.
26
What is the remainder when 25265 is divided by 269?
248
What is the remainder when 25910 is divided by 79?
77
Calculate the remainder when 10305 is divided by 1717.
3
Calculate the remainder when 9663 is divided by 3980.
1703
Calculate the remainder when 1116318 is divided by 372106.
0
What is the remainder when 21561 is divided by 36?
33
Calculate the remainder when 2016 is divided by 75.
66
Calculate the remainder when 1275166 is divided by 1436.
1434
Calculate the remainder when 97057 is divided by 36.
1
What is the remainder when 74466 is divided by 113?
112
Calculate the remainder when 7300 is divided by 645.
205
What is the remainder when 2651 is divided by 295?
291
Calculate the remainder when 721028 is divided by 137.
134
What is the remainder when 3336 is divided by 1105?
21
What is the remainder when 104630 is divided by 17?
12
What is the remainder when 6778 is divided by 979?
904
What is the remainder when 87910 is divided by 23?
4
Calculate the remainder when 3463 is divided by 128.
7
What is the remainder when 31145 is divided by 46?
3
What is the remainder when 6125 is divided by 1527?
17
Calculate the remainder when 37080 is divided by 37.
6
What is the remainder when 62119 is divided by 351?
343
Calculate the remainder when 53555 is divided by 450.
5
What is the remainder when 1070979 is divided by 6337?
26
What is the remainder when 510 is divided by 78?
42
Calculate the remainder when 195129 is divided by 42.
39
Calculate the remainder when 3963 is divided by 1.
0
What is the remainder when 12961 is divided by 863?
16
Calculate the remainder when 14600 is divided by 286.
14
Calculate the remainder when 154505 is divided by 26.
13
Calculate the remainder when 7496 is divided by 119.
118
Calculate the remainder when 16722 is divided by 37.
35
What is the remainder when 16482 is divided by 1268?
1266
Calculate the remainder when 36418 is divided by 7276.
38
Calculate the remainder when 108189 is divided by 392.
389
Calculate the remainder when 3000 is divided by 811.
567
What is the remainder when 36761 is divided by 443?
435
Calculate the remainder when 16896 is divided by 2812.
24
Calculate the remainder when 1650 is divided by 10.
0
What is the remainder when 127931 is divided by 42?
41
Calculate the remainder when 105174 is divided by 780.
654
What is the remainder when 37608 is divided by 29?
24
Calculate the remainder when 28117 is divided by 28088.
29
Calculate the remainder when 6844 is divided by 21.
19
What is the remainder when 3638 is divided by 1155?
173
What is the remainder when 2077 is divided by 435?
337
Calculate the remainder when 736 is divided by 353.
30
Calculate the remainder when 230779 is divided by 192.
187
Calculate the remainder when 162901 is divided by 54298.
7
Calculate the remainder when 910 is divided by 38.
36
What is the remainder when 5380 is divided by 116?
44
Calculate the remainder when 595848 is divided by 310.
28
What is the remainder when 67714 is divided by 2944?
2
Calculate the remainder when 58785 is divided by 284.
281
What is the remainder when 9100 is divided by 198?
190
What is the remainder when 33526 is divided by 447?
1
What is the remainder when 633845 is divided by 70?
65
What is the remainder when 852455 is divided by 12?
11
What is the remainder when 10365 is divided by 324?
321
Calculate the remainder when 40423 is divided by 48.
7
What is the remainder when 59835 is divided by 35?
20
Calculate the remainder when 155563 is divided by 38817.
295
What is the remainder when 121573 is divided by 63?
46
What is the remainder when 165344 is divided by 52?
36
What is the remainder when 366351 is divided by 14?
13
Calculate the remainder when 92729 is divided by 224.
217
Calculate the remainder when 3432174 is divided by 1144056.
6
Calculate the remainder when 414 is divided by 26.
24
Calculate the remainder when 24435 is divided by 1305.
945
What is the remainder when 11559 is divided by 605?
64
What is the remainder when 6363 is divided by 213?
186
Calculate the remainder when 5725 is divided by 230.
205
Calculate the remainder when 807231 is divided by 57.
54
What is the remainder when 728008 is divided by 356?
344
Calculate the remainder when 17010 is divided by 4250.
10
Calculate the remainder when 10294 is divided by 9.
7
Calculate the remainder when 29097 is divided by 1213.
1198
What is the remainder when 4618 is divided by 2298?
22
Calculate the remainder when 11932 is divided by 2372.
72
What is the remainder when 5283 is divided by 10?
3
What is the remainder when 23149 is divided by 210?
49
Calculate the remainder when 873379 is divided by 291123.
10
Calculate the remainder when 195111 is divided by 97554.
3
Calculate the remainder when 2044726 is divided by 681575.
1
What is the remainder when 20890 is divided by 146?
